-79 - (9 + (-15 - 1)).
-63
-18 - (13 + (-42 - -22)) - (12 - 134)
111
Calculate (-302 - -294) + (-8 - (9 + (4 - 8))).
-21
What is the value of -5 - 0 - ((10 - -1) + (95 - 50 - 144))?
83
Evaluate -12 + (-8 - (4 - (3 - 4) - (54 - 19))).
10
What is (7 + -14 - -4) + 11 + (-69 - (-4 + 7))?
-64
Calculate -73 + 11 + 37 + -21.
-46
What is the value of -5 - (-42 - (-28 - -15) - -15 - -17)?
-8
Evaluate -34 + 6 + 6 + 5 + -34 + 10.
-41
What is the value of (8 + -63 - -57) + 0 + -9 - 65?
-72
What is 62 + 71 + -110 + (0 - 40)?
-17
78 - (23 - -4 - ((36 - 12) + -6))
69
Calculate -67 + (71 - 97) + 82.
-11
Evaluate -11073 + 11116 - (2 - 29).
70
75 + -94 + (-39 - (-7 + (-10 - -16)))
-57
7 + (8 - 1) + -6 + -10 + 0 - -29
27
Calculate -30 + ((-35 - -24) + 35 - 36 - (0 - 11)).
-31
Evaluate (49 + -3 + 6 - (-6 + -5 + 11)) + 4.
56
Calculate 1 - (24 + -52 - -23) - (1 - -10).
-5
24 - 0 - -19 - 73
-30
What is the value of -37 + 19 + -42 + 62?
2
What is the value of (-720 - -730) + 1 + -1 + (1 - -3)?
14
What is 1 + (4 - -5) - (24 - (-65 - -15 - 31))?
-95
What is the value of -17 - (-784 + 736 + 1 + 21)?
9
Evaluate (147 - -9) + (49 - 171).
34
Evaluate 66 + (25 - (-11 + 46)) - 37.
19
Calculate (10 - (33 + -7) - (-13 + 4)) + (-4 - -2).
-9
What is -82 - -32 - (-6 + 13 - 11 - -8)?
-54
Calculate -33 + 1 + 1 + 9 + 1 + -2 + 9.
-14
Calculate -29 + 2 - (4 + -4) - (-17 + 26 + -15).
-21
Calculate 1 - -57 - 2 - (7 + -20 - -25).
44
Calculate -3 + 0 + 36 + -18 + (12 - 9).
18
Calculate -2 - (30 - 40 - 12) - 136.
-116
5 + 0 - 62 - (-89 - (20 - 118))
-66
Evaluate -11 + 27 - (-36 + 2) - 11.
39
(76 - (4 + 7)) + (5 - 10 - -4)
64
Calculate (-861 - -870) + (-9 - -1) - (-5 + 0) - 55.
-49
What is the value of -3 + -2 + (0 - (3 + -5)) - (-65 - -47)?
15
Evaluate (-35 + 93 - 18) + -69.
-29
Calculate (-4 - -2) + -2 + (63 - 15) - 2 - 0.
42
-1 - (-2 + -97) - (-12 - (26 - (15 - -17)))
104
What is the value of 0 + -1 + 42 + -42 + 14 - 39?
-26
-24 - (-471 + 376 + (14 - -3))
54
Calculate -24 - ((201 - 97) + -175).
47
What is (49 - 59) + -30 - -78?
38
What is the value of (-29 - (-13 - 23)) + -11 - (101 + -2 + 1)?
-104
What is the value of (1 - 2) + -21 + 111 + (-293 - -202)?
-2
Evaluate 8 + (0 + -15 - 86 - -30).
-63
Evaluate 1 + -76 + (22 - -10) + -19 - -1.
-61
-3 + (2 - 9) + 793 + -737
46
Evaluate 9 + (-15 - (8 + -15)) + 37.
38
What is the value of (-3200 - -3235) + (-11 - -1)?
25
-1 - (-3 + -3 - 124 - (13 - 22))
120
Calculate (-15 - (10 + -9)) + 16 + 6 + -26.
-20
-75 + 1 - -65 - (-74 + -1 + 0 + -2)
68
What is the value of (3 - 84) + 1887 + -1752?
54
Calculate 28 + 35 + -58 + 22.
27
Calculate -37 + (2 - -5) + -1 + -7.
-38
What is the value of 80 + (13 - 16) + -15 + -14?
48
Calculate (17 - 21) + 18 + (-2 - 8) + -38.
-34
What is 195 - 184 - (-2 + 1) - (1 - 7)?
18
Calculate (-4 + 1 - (-29 - (-19 - 3 - -6))) + -42.
-32
Evaluate -14 - (17 - 41) - 7.
3
What is the value of 12 + -27 - -2 - -2 - -21 - -28?
38
What is the value of -11 + -6 - 2 - (117 - 135) - 114?
-115
Calculate -132 + -5 + 78 + -44.
-103
22 + 22 - (51 + -47)
40
What is 4 + -15 + 24 + (8 - 7) + (5 - 22)?
-3
29 + (-15 - 35) - (13 + 2 - (7 - 1))
-30
(12 - (-11 + 76 - (2 - -15))) + 18
-18
What is -1361 - -1400 - (-1 + 17)?
23
Evaluate (-1 + 7 - (-31 - -12)) + 86 + -101.
10
Evaluate (2 - 0) + 4 - 27 - -49.
28
What is the value of -75 - ((13 - 1) + (-9 - 5) + 9)?
-82
454 + -477 - (2 - 41)
16
(28 - 0) + (-6 - (-13 - 1 - -2) - 13)
21
What is -86 - (0 + -9) - (24 + -24 + -6)?
-71
Calculate -1 - 40 - (10 - (12 - (30 - 5 - 14))).
-50
What is 17 - ((-4 + -5 - (-18 - -11)) + (-1 - -1))?
19
What is -22 - ((-4 + 20 - (137 + -95)) + 11)?
-7
-13 - (-14 - ((-16 - 3) + 133 + -115))
0
Evaluate 40 + (-49 - (1 + -7)).
-3
Evaluate (-63 - (-88 - -18)) + -108.
-101
Calculate (29 + -36 - (-2 - -15)) + 67.
47
What is the value of 41 + 0 - (45 - (70 + -48))?
18
4 - (7 + 1) - ((-10 + 6 - -5) + 5)
-10
What is (-13 - 0) + (57 + -19 - 47)?
-22
Evaluate (33 - -46) + -83 + (77 - 2).
71
What is 170 + -149 - (68 - (2 - 10))?
-55
19 - -38 - (-5 + 26)
36
What is the value of (-11 + 18 - 4) + -9 - (88 + -6)?
-88
Evaluate (91 - -9 - (-39 - -56)) + -35.
48
Evaluate 7631 + -7701 - (-41 - 0).
-29
What is (9 - -2) + (140 - 179 - 83)?
-111
-10 + (-12 - -13) + 12 + -17 - 32
-46
Evaluate 154 - ((150 - 97) + 55).
46
Calculate 102 - 32 - 37 - 16.
17
Calculate 33 + 72 + (-13 + -1 - -10) + -10 + 4.
95
Evaluate (5 - (0 - 82)) + (70 - 13) + -37.
107
(-52 - (49 - 86)) + -7 + 81
59
What is the value of 4 + (-9 - 0) + 22 + -6 + (48 - 30)?
29
What is the value of -150 - (-94 + -34) - (-16 - -2 - 1)?
-7
What is the value of -1 + -48 + 34 + 30?
15
What is (9 - (1 + -9 + 4)) + -72 + 9?
-50
What is the value of -10 + (189 - 65) + -178?
-64
What is 2 + 0 + (-32 - 1) + (18 - 29) + -5?
-47
What is the value of -7 + 31 - 14 - -24 - 150?
-116
-15 - 3 - ((4 - 19) + 13 - -45)
-61
Evaluate 38 + (2 + -3 - 0) + (-230 - -495) + -270.
32
Calculate -24 - (1 + -10 + -13 + 22 - 2).
-22
Calculate 7 - (-4 + -9 + -32 + -3 + -4).
59
What is 60 + (-9 - 15) - 83?
-47
Calculate (-1 + 5 + 45 + -51 - -127) + 3.
128
What is the value of 9 + -46 + 48 - -7?
18
Evaluate (-186 - (220 - 306)) + 1 + (-2 - -1).
-100
Calculate 41 - (20 + -23) - 166 - -11.
-111
What is -123 + 85 + -6 + 59?
15
What is -5439 + 5609 + 1 + -143?
28
What is 223 + -306 + (-10 - 0) - (3 + 1 - 4)?
-93
Evaluate (44 - 39) + -3 - -14 - 53.
-37
Evaluate -62 + -10 - (-35 - -3) - -57.
17
(4 - 12 - (-8 + -64 + -6)) + (15 - 21)
64
What is the value of -5 - 0 - (147 + 7 + -29 + 16)?
-146
What is the value of 15 + -14 + -6 + 34 + -5 - (37 - 33)?
20
Evaluate -1 + -4 + 2 + 0 - (-118 + (410 - 290)).
-5
-28 + (-65 - 22) - -89
-26
Calculate 16 + (-29 - (3 + -39)) + 27.
50
What is (-52 - 7) + -6 + (-32 - (-12 - 4) - -16)?
-65
57 + 17 + -26 - 33
15
Calculate (35 + -1 - (-31 + 46)) + -28.
-9
What is (-8 - -36) + -129 + 46 + -63?
-118
21 - ((75 - 3) + -41)
-10
1 + (1 - 3) + 8 + (-4 - 0) + 42
45
11 - (-15 - 3 - (-2 - -4))
31
What is 10 - -1 - (-9 + (1 - 5 - -52))?
-28
What is -9 - (-20 - -18) - ((3 - -32) + -8)?
-34
Evaluate -11 - (7 - 5) - -3 - (-26 - -45).
-29
What is -18 + 6 + -7 + (5 - -3) + -25?
-36
What is (7 - 5) + 7 + (-12 - 6 - 12 - -15)?
-6
(-1 - -1) + 32 + -1 + -48 + 5
-12
What is the value of -49 - (-9 - (-1 - (-14 - -24))) - -14?
-37
Evaluate -22 + (5 - -99) - 65.
17
Evaluate 20 + 1 + (23 - 15) + 6 + 15.
50
What is the value of -96 - (-5 + -104 + 89)?
-76
What is the value of -2 + -3 - ((-156 - -10) + (18 - -18))?
105
What is the value of (-5 + -15 - -71) + -89?
-38
Calculate (1 + 15 + (96 - 232) - 16) + 22.
-114
What is the value of -15 - (10 - (9 + -18 + 7))?
-27
What is 87 + -2 - (23 + (4 - 11))?
69
Calculate (-12 + 10 - 6) + 17 - (3 + 0).
6
-79 - (-109 + 51 + 3)
-24
What is the value of (2 - -12) + -23 - (-47 + -2 + -3)?
43
-3 - (-24 + (-2 + 0 - 16)) - 15
24
Evaluate (169 - -2) + -900 + 760.
31
-39 + (7 - -32) + (-106 - -68)
-38
Calculate -4 - (-8 + 1 + 0 + 13) - 26.
-36
What is -59 - ((-9 - -58) + -110)?
2
Evaluate -84 + (-153 + 159 - -5).
-73
What is the value of 6 + -71 + 70 - (-8 + -1)?
14
Evaluate (47 - -30) + -57 + (-2 - -45).
63
What is -121 + 21 + -22 + 117?
-5
Evaluate 10 - ((46 - (1 - 11)) + -6 + 4).
-44
What is the value of 4 - 91 - -12 - -48?
-27
What is (114 - 127) + 4 + -1 - (-2 + -7 + 4)?
-5
What is the value of -6 + 16 + 1 + -1 + (5 - 1 - 40)?
-26
What is the value of -5875 + 5897 - ((-1 - 80) + (1 - 0))?
102
What is -1267 - -1270 - (1 - -33)?
-31
What is 31 + (-5 - (-6 + -14 + 12 - -18))?
16
What is -88 - ((2 - 12) + (10 - 3) + -22 + 15)?
-78
Calculate -13 - (-17 - (36 + -80) - (0 + 4 - 2)).
-38
Evaluate 0 + -32 + (-69 + 31 - -17) + 21.
-32
What is 21 + (-19 - (-19 - -31) - -27)?
17
What is the value of -32 + (29 - -26) + -1 + 12?
34
Evaluate -3 + 3 + -13 - (-176 + 118 - -86).
-41
What is the value of 98 - (6 + 1 + -1517 + 1535)?
73
What is 9 + (2 + 16 + -9 - (-1 - -13)) + 46?
52
Evaluate (13 - (-4 - 15)) + -14 - 1.
17
Evaluate -13 - (0 + 11 + -43 + 5 + 2).
12
1 - (44 + (1 - (-12 + 0) - (-574 + 582)))
-48
What is the value of -3 - (-13 + 112) - (-279 + 302)?
-125
What is the value of (22 - -16) + -28 + 7 + 93 + 1?
111
What is 0 + 10 + 4 + (-1 - 14 - -8) - 6?
1
What is -1 + -15 - (30 - 33) - -14 - 3?
-2
168 + -184 - (1 + -11) - 6
-12
What is the va